True
Is 1445 a multiple of 16?
False
Is 88 a factor of 41096?
True
Does 9 divide 1213?
False
Is 2430 a multiple of 18?
True
Is 5756 a multiple of 14?
False
Does 79 divide 15089?
True
Does 88 divide 10652?
False
Is 4979 a multiple of 13?
True
Is 2535 a multiple of 18?
False
Does 15 divide 390?
True
Is 936 a multiple of 8?
True
Does 25 divide 22975?
True
Is 25 a factor of 5000?
True
Is 1780 a multiple of 11?
False
Does 30 divide 600?
True
Is 86 a factor of 2064?
True
Is 594 a multiple of 27?
True
Is 100 a factor of 1021?
False
Is 12 a factor of 93390?
False
Does 10 divide 5110?
True
Is 11363 a multiple of 35?
False
Is 14 a factor of 304?
False
Is 105602 a multiple of 329?
False
Is 59 a factor of 15222?
True
Does 3 divide 79?
False
Is 60 a factor of 360?
True
Is 15 a factor of 1530?
True
Is 9 a factor of 567?
True
Is 24 a factor of 23352?
True
Is 13804 a multiple of 29?
True
Does 147 divide 22344?
True
Is 4045 a multiple of 17?
False
Does 68 divide 204?
True
Is 1419 a multiple of 27?
False
Is 19 a factor of 68947?
False
Is 425 a multiple of 6?
False
Does 58 divide 2030?
True
Does 17 divide 11934?
True
Is 30 a factor of 6624?
False
Does 42 divide 3138?
False
Does 80 divide 2122?
False
Does 21 divide 1638?
True
Is 35 a factor of 3671?
False
Is 33488 a multiple of 8?
True
Is 174 a multiple of 3?
True
Does 2 divide 1041?
False
Is 30 a factor of 8900?
False
Is 198 a factor of 127512?
True
Is 128 a factor of 2432?
True
Is 12645 a multiple of 9?
True
Is 26 a factor of 39624?
True
Is 142 a factor of 2840?
True
Is 5940 a multiple of 15?
True
Is 119 a factor of 11484?
False
Is 1863 a multiple of 96?
False
Is 2704 a multiple of 5?
False
Does 8 divide 11352?
True
Is 36 a factor of 3345?
False
Is 112 a factor of 7949?
False
Is 1690 a multiple of 7?
False
Is 12 a factor of 1500?
True
Does 48 divide 786?
False
Is 51 a factor of 4229?
False
Is 105 a factor of 1995?
True
Does 138 divide 3451?
False
Is 78990 a multiple of 21?
False
Does 15 divide 51799?
False
Is 4862 a multiple of 63?
False
Is 40 a factor of 400?
True
Does 18 divide 6142?
False
Is 19 a factor of 144?
False
Is 44 a factor of 592?
False
Is 10 a factor of 14?
False
Is 4012 a multiple of 9?
False
Is 131 a factor of 8122?
True
Does 14 divide 11984?
True
Is 9 a factor of 1566?
True
Does 31 divide 630?
False
Is 61 a factor of 275?
False
Does 48 divide 21408?
True
Is 41984 a multiple of 64?
True
Is 29 a factor of 348?
True
Does 96 divide 10711?
False
Is 612 a multiple of 18?
True
Is 18 a factor of 3888?
True
Is 110 a factor of 7480?
True
Is 1584 a multiple of 44?
True
Does 11 divide 11803?
True
Is 6030 a multiple of 5?
True
Does 10 divide 43284?
False
Is 16 a factor of 44898?
False
Does 13 divide 1248?
True
Is 812 a multiple of 4?
True
Is 14 a factor of 1040?
False
Does 18 divide 90?
True
Is 15 a factor of 4163?
False
Does 38 divide 3002?
True
Is 78532 a multiple of 116?
True
Does 31 divide 1054?
True
Is 2060 a multiple of 206?
True
Is 140 a factor of 420?
True
Is 507 a multiple of 15?
False
Is 6 a factor of 9561?
False
Does 18 divide 261?
False
Is 29 a factor of 29968?
False
Does 29 divide 355?
False
Is 553 a multiple of 17?
False
Is 900 a multiple of 75?
True
Does 56 divide 9352?
True
Does 8 divide 477?
False
Is 16 a factor of 1424?
True
Does 2 divide 53?
False
Does 13 divide 481?
True
Does 8 divide 689?
False
Is 16 a factor of 4816?
True
Is 116 a factor of 90016?
True
Does 309 divide 79104?
True
Is 982 a multiple of 4?
False
Is 450 a multiple of 9?
True
Does 62 divide 310?
True
Does 103 divide 39140?
True
Does 8 divide 665?
False
Is 811 a multiple of 25?
False
Is 200 a multiple of 20?
True
Is 2943 a multiple of 39?
False
Is 112 a multiple of 2?
True
Is 98 a factor of 24108?
True
Does 9 divide 873?
True
Does 20 divide 320?
True
Does 24 divide 984?
True
Does 37 divide 854?
False
Is 8527 a multiple of 32?
False
Is 5 a factor of 1660?
True
Is 11690 a multiple of 10?
True
Is 147 a factor of 5400?
False
Is 3521 even?
False
Is 8950 a multiple of 25?
True
Does 30 divide 384?
False
Does 34 divide 1770?
False
Does 4 divide 52?
True
Does 292 divide 103790?
False
Does 74 divide 661?
False
Is 22 a factor of 15662?
False
Is 91 a factor of 1938?
False
Does 9 divide 72?
True
Is 21 a factor of 1004?
False
Is 16 a factor of 6136?
False
Does 10 divide 29970?
True
Is 28297 a multiple of 29?
False
Does 48 divide 816?
True
Is 29 a factor of 1653?
True
Is 28 a factor of 14929?
False
Is 44 a factor of 5104?
True
Does 10 divide 980?
True
Is 14 a factor of 2706?
False
Does 5 divide 105?
True
Is 5418 a multiple of 42?
True
Does 10 divide 362?
False
Does 45 divide 855?
True
Is 522 a multiple of 9?
True
Is 27195 a multiple of 37?
True
Is 78 a factor of 24996?
False
Is 2 a factor of 412?
True
Is 593 a multiple of 55?
False
Is 416 a multiple of 26?
True
Is 1185 a multiple of 5?
True
Is 31 a factor of 9269?
True
Does 21 divide 7161?
True
Is 9 a factor of 423?
True
Is 3 a factor of 5960?
False
Is 18 a factor of 22623?
False
Is 1334 a multiple of 9?
False
Is 2314 a multiple of 31?
False
Is 7 a factor of 6018?
False
Is 4102 a multiple of 3?
False
Is 1338 a multiple of 11?
False
Does 12 divide 324?
True
Is 648 a multiple of 12?
True
Is 6525 a multiple of 29?
True
Is 11858 a multiple of 154?
True
Is 18 a factor of 19454?
False
Is 33 a factor of 9067?
False
Is 46 a factor of 736?
True
Is 32173 a multiple of 132?
False
Is 31 a factor of 744?
True
Is 348 a multiple of 10?
False
Does 18 divide 234?
True
Does 6 divide 714?
True
Does 29 divide 6295?
False
Is 1224 a multiple of 21?
False
Is 30 a factor of 2514?
False
Is 13 a factor of 454?
False
Does 21 divide 50?
False
Is 9202 a multiple of 107?
True
Is 300 a multiple of 3?
True
Is 43990 a multiple of 182?
False
Is 224 a factor of 156128?
True
Is 17 a factor of 7973?
True
Is 5949 a multiple of 39?
False
Is 168 a multiple of 42?
True
Is 91039 a multiple of 20?
False
Does 15 divide 585?
True
Is 5855 a multiple of 20?
False
Is 22341 a multiple of 15?
False
Is 8 a factor of 23368?
True
Is 663 a multiple of 39?
True
Is 110 a factor of 11000?
True
Does 5 divide 115?
True
Is 3348 a multiple of 4?
True
Is 76646 a multiple of 178?
False
Does 6 divide 9582?
True
Does 113 divide 15142?
True
Does 137 divide 5939?
False
Does 20 divide 917?
False
Is 136768 a multiple of 64?
True
Does 173 divide 46883?
True
Is 94 a factor of 1598?
True
Does 15 divide 81?
False
Does 12 divide 43728?
True
Is 3699 a multiple of 20?
False
Does 2 divide 1979?
False
Is 4 a factor of 3676?
True
Is 345 even?
False
Is 21578 a multiple of 54?
False
Is 109 a factor of 436?
True
Is 28 a factor of 952?
True
Does 7 divide 1197?
True
Is 47754 a multiple of 73?
False
Does 20 divide 22228?
False
Is 5 even?
False
Is 12 a multiple of 4?
True
Is 1447 a multiple of 42?
False
Is 5049 a multiple of 51?
True
Does 46 divide 1083?
False
Is 2315 a multiple of 59?
False
Is 23460 a multiple of 115?
True
Does 19 divide 1159?
True
Is 53 a factor of 27083?
True
Is 8614 a multiple of 30?
False
Does 107 divide 24767?
False
Does 15 divide 3840?
True
Is 37 a factor of 2289?
False
Does 3 divide 54?
True
Is 276 a multiple of 16?
False
Does 88 divide 354?
False
Is 315 a multiple of 15?
True
Is 2 a factor of 282?
True
Is 1115 even?
False
Does 60 divide 1508?
False
Is 30 a factor of 2310?
True
Is 41 a factor of 1109?
False
Is 84 a multiple of 12?
True
Is 31 a factor of 3441?
True
Is 48034 a multiple of 41?
False
Does 5 divide 24?
False
Does 39 divide 50778?
True
Is 3 a factor of 1059?
True
Is 12 a factor of 680?
False
Is 19833 a multiple of 3?
True
Does 9 divide 4117?
False
Is 119 a factor of 29988?
True
Is 3961 a multiple of 16?
False
Is 817 a multiple of 36?
False
Is 216 a multiple of 11?
False
Is 755 a multiple of 31?
False
Does 13 divide 427?
False
Is 20 a factor of 3399?
False
Does 51 divide 1020?
True
Is 1134 a multiple of 81?
True
Is 9 a factor of 21?
False
Is 4219 a multiple of 80?
False
Does 75 divide 2550?
True
Does 8 divide 720?
True
Is 4218 a multiple of 37?
True
Is 5 a factor of 1794?
False
Is 6715 even?
False
Does 22 divide 5987?
False
Is 31 a factor of 2370?
False
Does 19 divide 140429?
True
Is 2319 a multiple of 15?
False
Is 11221 a multiple of 66?
False
Is 3312 a multiple of 69?
True
Is 3667 a multiple of 92?
False
Is 35 a factor of 280?
True
D